{"id":2,"date":"2024-07-28T17:20:46","date_gmt":"2024-07-28T15:20:46","guid":{"rendered":"https:\/\/www.oliver-kilb.de\/www\/?page_id=2"},"modified":"2024-12-18T19:57:27","modified_gmt":"2024-12-18T18:57:27","slug":"beispiel-seite","status":"publish","type":"page","link":"https:\/\/www.oliver-kilb.de\/www\/","title":{"rendered":"Hallo, liebe Besucher!"},"content":{"rendered":"\n<p>Herzlich Willkommen auf meiner privaten Homepage.<\/p>\n\n\n\n<h2 class=\"wp-block-heading\">Ollis Blog<\/h2>\n\n\n\n<p>In meinem Blog landen alle m\u00f6glichen Beitr\u00e4ge. Sie sind ein buntes Sammelsurium, von Urlaubsberichten bis hin zu IT-Themen. Da ich selbst ein ITler bin, nehmen letztere einen etwas gr\u00f6\u00dferen Teil ein. Zum Beispiel <a href=\"https:\/\/www.oliver-kilb.de\/www\/category\/amiga\/\">Anekdoten zu meiner Commodore Amiga-Zeit<\/a>, als ich mit Freunden <a href=\"https:\/\/www.oliver-kilb.de\/www\/category\/multimedia\/spiele\/cross-check\/\">ein Computerspiel namens &#8222;Crosscheck&#8220;<\/a> entwickelte. Oder Interviews, die ich Anfang der 1990er Jahre mit damaligen Kultfiguren der Szene wie <a href=\"https:\/\/www.oliver-kilb.de\/www\/2014\/07\/13\/1991-interview-mit-boris-schneider-damals-bei-der-power-play\/\">Boris Schneider<\/a> und <a href=\"https:\/\/www.oliver-kilb.de\/www\/2014\/07\/20\/1991-interview-mit-thomas-engel-von-factor-5\/\">Factor 5<\/a> f\u00fchrte. Und auch eine umfangreiche, <a href=\"https:\/\/www.oliver-kilb.de\/www\/category\/blog\/power-play\/\">statistische Auswertung der &#8222;Power Play&#8220;<\/a>, dem einst f\u00fchrenden Magazin f\u00fcr Computerspieler, kann man hier lesen.<\/p>\n\n\n\n<h2 class=\"wp-block-heading\">Wandern in den Bergen und Urlaube<\/h2>\n\n\n\n<p>Sp\u00e4testens seitdem ich in Bayern lebe, bin ich ein begeisterter Bergwanderer. Ob es in <a href=\"https:\/\/www.oliver-kilb.de\/www\/category\/wandern_und_urlaub\/bayern\/\">Bayern<\/a> ist, in <a href=\"https:\/\/www.oliver-kilb.de\/www\/category\/wandern_und_urlaub\/suedtirol\/\">S\u00fcdtirol<\/a> oder woanders, ist dabei f\u00fcr mich nebens\u00e4chlich. Ich genie\u00dfe einfach die Zeit in der Natur, und&nbsp;manchmal hat man auch das Gl\u00fcck, Tiere in ihrer normalen Umgebung zu sehen, wie <a href=\"https:\/\/www.oliver-kilb.de\/www\/2013\/08\/14\/wandern-in-der-benediktenwand-1-800m\/\">diese Steinb\u00f6cke<\/a> an der Benediktenwand, <a href=\"https:\/\/www.oliver-kilb.de\/www\/2024\/09\/17\/auf-die-spitzige-lun-2-324m-mit-sicht-zum-reschensee\/\">Murmeltiere in S\u00fcdtirol<\/a> oder <a href=\"https:\/\/www.oliver-kilb.de\/www\/2016\/05\/29\/die-hoellentalklamm-und-das-hoellental\/\">diese Herde im H\u00f6llental<\/a> unterhalb der Zugspitze.<\/p>\n\n\n\n<h2 class=\"wp-block-heading\">Bilder und Berichte aus Japan<\/h2>\n\n\n\n<p>Zu&nbsp;diesem Land habe ich ein ganz besonderes Verh\u00e4ltnis: Von 1999 bis 2000 lebte ich in der Stadt Kumamoto auf der s\u00fcdlichsten Hauptinsel Kyushu&nbsp;als Student und lernte Japanisch. Mein Reisetagebuch aus dieser Zeit&nbsp;und die damals noch analog aufgenommenen Bilder <a href=\"https:\/\/www.oliver-kilb.de\/www\/category\/japan\/auslandsjahr-1999-2000\/\">gibt es hier<\/a>. Und auch Berichte zu meinen Japan-Reisen von <a href=\"https:\/\/www.oliver-kilb.de\/www\/category\/japan\/japan-reise-2002\/\">2002<\/a>, <a href=\"https:\/\/www.oliver-kilb.de\/www\/category\/japan\/japan-reise-2009\/\">2009<\/a>, <a href=\"https:\/\/www.oliver-kilb.de\/www\/category\/japan\/japan-reise-2010\/\">2010<\/a> und <a href=\"https:\/\/www.oliver-kilb.de\/www\/category\/japan\/japan-reise-2018\/\">2018<\/a> habe ich auf meiner Homepage hochgeladen. Aus einigen Bildern habe ich Pseudo-3D-Videos erstellt, und es gibt noch viel mehr im Bereich &#8222;Japan&#8220; zu entdecken.<\/p>\n\n\n\n<h2 class=\"wp-block-heading\">Multimedia &#8211; Eigene Produktionen<\/h2>\n\n\n\n<p>Meine ersten Programmierschritte unternahm ich als Kind in den 1980er Jahren. Zuerst auf dem C64, dann auf dem Amiga und schlie\u00dflich auf dem PC. Im Laufe der Zeit entstanden so nebenher viele privat entwickelte Medien oder auch Spiele. Zum Beispiel eine selbst erstellte Variante von <a href=\"https:\/\/www.oliver-kilb.de\/www\/category\/multimedia\/spiele\/sudoku\/\">Sudoku<\/a> oder <a href=\"https:\/\/www.oliver-kilb.de\/www\/shizenjo-shisen-sho-brettspiel-fuer-zwischendurch\/\">Shizenjo<\/a>, ein weiteres japanisches Brettspiel. Dann entwickelte ich auch die <a href=\"https:\/\/www.oliver-kilb.de\/www\/category\/multimedia\/sonstige\/emap\/\">&#8222;eMap&#8220;<\/a>, interaktive Stadtpl\u00e4ne mit hinterlegten Urlaubsfotos (einige Jahre vor Google Earth). Mit der eMap konnte ich meine Fotos aus der Zeit in Japan genau mit den passenden Orten verkn\u00fcpfen, zum Beispiel in Kumamoto oder Kyoto. Und auch <a href=\"https:\/\/www.oliver-kilb.de\/www\/category\/multimedia\/sonstige\/fotoalbum-online\/\">ein interaktives Fotoalbum<\/a> entstand, das zu seiner Zeit (im Jahr 2000) durchaus sehr innovativ war. Den Abschluss bilden <a href=\"https:\/\/www.oliver-kilb.de\/www\/category\/multimedia\/panoramabilder\/\">interaktiv bedienbare Panoramabilder<\/a>, oft in 360 Grad und hoher Aufl\u00f6sung.<\/p>\n\n\n\n<p>In den Jahren 1995 bis ca. 2010 war ich sehr stark in verschiedenste Multimedia-Projekte involviert.&nbsp;Bis Anfang der 2000er Jahre entwickelte ich f\u00fcr Media Nova, ein an der Universit\u00e4t des Saarlandes gegr\u00fcndetes Startup, <a href=\"https:\/\/www.oliver-kilb.de\/www\/1996\/01\/01\/multilingualer-katalog-auf-cd-rom\/\">multilinguale Katalogsysteme<\/a> (auch f\u00fcr die <a href=\"https:\/\/www.oliver-kilb.de\/www\/1999\/01\/01\/deutsche-jugendfeuerwehr\/\">Deutsche Jugendfeuerwehr<\/a>) und meine ersten kommerziell vertriebenen <a href=\"https:\/\/www.oliver-kilb.de\/www\/2000\/10\/01\/infor-mehrteilige-elearning-serie\/\">Computer Based Trainings (CBT)<\/a>. F\u00fcr Letztere programmierte ich auch ein eigenes Autoren-Werkzeug.&nbsp;Sp\u00e4ter kamen weitere interessante Multimedia-Projekte hinzu, zum Beispiel <a href=\"https:\/\/www.oliver-kilb.de\/www\/2007\/10\/01\/full-hd-touch-poi-fuer-die-bmw-welt\/\">f\u00fcr die BMW Welt<\/a>, den <a href=\"https:\/\/www.oliver-kilb.de\/www\/2008\/12\/01\/surface-cdu-bundesparteitag-2008-in-stuttgart\/\">CDU-Parteitag<\/a> und auch <a href=\"https:\/\/www.oliver-kilb.de\/www\/2009\/02\/01\/boot-microsoft-surface-praesentation-fuer-frauscher-boote\/\">f\u00fcr das Microsoft Surface<\/a>, das damals noch ein Multitouch-Tischsystem war. (Ich bin noch immer in der Branche, allerdings mittlerweile in einer anderen Rolle, daher enden die Beispiele im Jahr 2010.)<\/p>\n","protected":false},"excerpt":{"rendered":"<p>Herzlich Willkommen auf meiner privaten Homepage. Ollis Blog In meinem Blog landen alle m\u00f6glichen Beitr\u00e4ge. Sie sind ein buntes Sammelsurium, von Urlaubsberichten bis hin zu IT-Themen. Da ich selbst ein ITler bin, nehmen letztere&#46;&#46;&#46;<\/p>\n","protected":false},"author":1,"featured_media":0,"parent":0,"menu_order":0,"comment_status":"closed","ping_status":"open","template":"","meta":{"iawp_total_views":858,"footnotes":""},"class_list":["post-2","page","type-page","status-publish","hentry"],"yoast_head":"<!-- This site is optimized with the Yoast SEO plugin v27.3 - https:\/\/yoast.com\/product\/yoast-seo-wordpress\/ -->\n<title>Hallo, liebe Besucher! - Japan, Wandern und Multimedia<\/title>\n<meta name=\"robots\" content=\"index, follow, max-snippet:-1, max-image-preview:large, max-video-preview:-1\" \/>\n<link rel=\"canonical\" href=\"https:\/\/www.oliver-kilb.de\/www\/\" \/>\n<meta property=\"og:locale\" content=\"de_DE\" \/>\n<meta property=\"og:type\" content=\"article\" \/>\n<meta property=\"og:title\" content=\"Hallo, liebe Besucher! - Japan, Wandern und Multimedia\" \/>\n<meta property=\"og:description\" content=\"Herzlich Willkommen auf meiner privaten Homepage. Ollis Blog In meinem Blog landen alle m\u00f6glichen Beitr\u00e4ge. Sie sind ein buntes Sammelsurium, von Urlaubsberichten bis hin zu IT-Themen. Da ich selbst ein ITler bin, nehmen letztere&#046;&#046;&#046;\" \/>\n<meta property=\"og:url\" content=\"https:\/\/www.oliver-kilb.de\/www\/\" \/>\n<meta property=\"og:site_name\" content=\"Japan, Wandern und Multimedia\" \/>\n<meta property=\"article:modified_time\" content=\"2024-12-18T18:57:27+00:00\" \/>\n<meta name=\"twitter:card\" content=\"summary_large_image\" \/>\n<meta name=\"twitter:label1\" content=\"Gesch\u00e4tzte Lesezeit\" \/>\n\t<meta name=\"twitter:data1\" content=\"3\u00a0Minuten\" \/>\n<script type=\"application\/ld+json\" class=\"yoast-schema-graph\">{\"@context\":\"https:\\\/\\\/schema.org\",\"@graph\":[{\"@type\":\"WebPage\",\"@id\":\"https:\\\/\\\/www.oliver-kilb.de\\\/www\\\/\",\"url\":\"https:\\\/\\\/www.oliver-kilb.de\\\/www\\\/\",\"name\":\"Hallo, liebe Besucher! - Japan, Wandern und Multimedia\",\"isPartOf\":{\"@id\":\"https:\\\/\\\/www.oliver-kilb.de\\\/www\\\/#website\"},\"datePublished\":\"2024-07-28T15:20:46+00:00\",\"dateModified\":\"2024-12-18T18:57:27+00:00\",\"breadcrumb\":{\"@id\":\"https:\\\/\\\/www.oliver-kilb.de\\\/www\\\/#breadcrumb\"},\"inLanguage\":\"de\",\"potentialAction\":[{\"@type\":\"ReadAction\",\"target\":[\"https:\\\/\\\/www.oliver-kilb.de\\\/www\\\/\"]}]},{\"@type\":\"BreadcrumbList\",\"@id\":\"https:\\\/\\\/www.oliver-kilb.de\\\/www\\\/#breadcrumb\",\"itemListElement\":[{\"@type\":\"ListItem\",\"position\":1,\"name\":\"Startseite\",\"item\":\"https:\\\/\\\/www.oliver-kilb.de\\\/www\\\/\"},{\"@type\":\"ListItem\",\"position\":2,\"name\":\"Hallo, liebe Besucher!\"}]},{\"@type\":\"WebSite\",\"@id\":\"https:\\\/\\\/www.oliver-kilb.de\\\/www\\\/#website\",\"url\":\"https:\\\/\\\/www.oliver-kilb.de\\\/www\\\/\",\"name\":\"Japan, Wandern und Multimedia\",\"description\":\"\",\"publisher\":{\"@id\":\"https:\\\/\\\/www.oliver-kilb.de\\\/www\\\/#organization\"},\"potentialAction\":[{\"@type\":\"SearchAction\",\"target\":{\"@type\":\"EntryPoint\",\"urlTemplate\":\"https:\\\/\\\/www.oliver-kilb.de\\\/www\\\/?s={search_term_string}\"},\"query-input\":{\"@type\":\"PropertyValueSpecification\",\"valueRequired\":true,\"valueName\":\"search_term_string\"}}],\"inLanguage\":\"de\"},{\"@type\":\"Organization\",\"@id\":\"https:\\\/\\\/www.oliver-kilb.de\\\/www\\\/#organization\",\"name\":\"Japan, Wandern und Multimedia\",\"url\":\"https:\\\/\\\/www.oliver-kilb.de\\\/www\\\/\",\"logo\":{\"@type\":\"ImageObject\",\"inLanguage\":\"de\",\"@id\":\"https:\\\/\\\/www.oliver-kilb.de\\\/www\\\/#\\\/schema\\\/logo\\\/image\\\/\",\"url\":\"https:\\\/\\\/www.oliver-kilb.de\\\/www\\\/wp-content\\\/uploads\\\/2024\\\/07\\\/Fushimi-Inari-Schrein_075_DxO.jpg\",\"contentUrl\":\"https:\\\/\\\/www.oliver-kilb.de\\\/www\\\/wp-content\\\/uploads\\\/2024\\\/07\\\/Fushimi-Inari-Schrein_075_DxO.jpg\",\"width\":1380,\"height\":301,\"caption\":\"Japan, Wandern und Multimedia\"},\"image\":{\"@id\":\"https:\\\/\\\/www.oliver-kilb.de\\\/www\\\/#\\\/schema\\\/logo\\\/image\\\/\"}}]}<\/script>\n<!-- \/ Yoast SEO plugin. -->","yoast_head_json":{"title":"Hallo, liebe Besucher! - Japan, Wandern und Multimedia","robots":{"index":"index","follow":"follow","max-snippet":"max-snippet:-1","max-image-preview":"max-image-preview:large","max-video-preview":"max-video-preview:-1"},"canonical":"https:\/\/www.oliver-kilb.de\/www\/","og_locale":"de_DE","og_type":"article","og_title":"Hallo, liebe Besucher! - Japan, Wandern und Multimedia","og_description":"Herzlich Willkommen auf meiner privaten Homepage. Ollis Blog In meinem Blog landen alle m\u00f6glichen Beitr\u00e4ge. Sie sind ein buntes Sammelsurium, von Urlaubsberichten bis hin zu IT-Themen. Da ich selbst ein ITler bin, nehmen letztere&#46;&#46;&#46;","og_url":"https:\/\/www.oliver-kilb.de\/www\/","og_site_name":"Japan, Wandern und Multimedia","article_modified_time":"2024-12-18T18:57:27+00:00","twitter_card":"summary_large_image","twitter_misc":{"Gesch\u00e4tzte Lesezeit":"3\u00a0Minuten"},"schema":{"@context":"https:\/\/schema.org","@graph":[{"@type":"WebPage","@id":"https:\/\/www.oliver-kilb.de\/www\/","url":"https:\/\/www.oliver-kilb.de\/www\/","name":"Hallo, liebe Besucher! - Japan, Wandern und Multimedia","isPartOf":{"@id":"https:\/\/www.oliver-kilb.de\/www\/#website"},"datePublished":"2024-07-28T15:20:46+00:00","dateModified":"2024-12-18T18:57:27+00:00","breadcrumb":{"@id":"https:\/\/www.oliver-kilb.de\/www\/#breadcrumb"},"inLanguage":"de","potentialAction":[{"@type":"ReadAction","target":["https:\/\/www.oliver-kilb.de\/www\/"]}]},{"@type":"BreadcrumbList","@id":"https:\/\/www.oliver-kilb.de\/www\/#breadcrumb","itemListElement":[{"@type":"ListItem","position":1,"name":"Startseite","item":"https:\/\/www.oliver-kilb.de\/www\/"},{"@type":"ListItem","position":2,"name":"Hallo, liebe Besucher!"}]},{"@type":"WebSite","@id":"https:\/\/www.oliver-kilb.de\/www\/#website","url":"https:\/\/www.oliver-kilb.de\/www\/","name":"Japan, Wandern und Multimedia","description":"","publisher":{"@id":"https:\/\/www.oliver-kilb.de\/www\/#organization"},"potentialAction":[{"@type":"SearchAction","target":{"@type":"EntryPoint","urlTemplate":"https:\/\/www.oliver-kilb.de\/www\/?s={search_term_string}"},"query-input":{"@type":"PropertyValueSpecification","valueRequired":true,"valueName":"search_term_string"}}],"inLanguage":"de"},{"@type":"Organization","@id":"https:\/\/www.oliver-kilb.de\/www\/#organization","name":"Japan, Wandern und Multimedia","url":"https:\/\/www.oliver-kilb.de\/www\/","logo":{"@type":"ImageObject","inLanguage":"de","@id":"https:\/\/www.oliver-kilb.de\/www\/#\/schema\/logo\/image\/","url":"https:\/\/www.oliver-kilb.de\/www\/wp-content\/uploads\/2024\/07\/Fushimi-Inari-Schrein_075_DxO.jpg","contentUrl":"https:\/\/www.oliver-kilb.de\/www\/wp-content\/uploads\/2024\/07\/Fushimi-Inari-Schrein_075_DxO.jpg","width":1380,"height":301,"caption":"Japan, Wandern und Multimedia"},"image":{"@id":"https:\/\/www.oliver-kilb.de\/www\/#\/schema\/logo\/image\/"}}]}},"amp_enabled":true,"_links":{"self":[{"href":"https:\/\/www.oliver-kilb.de\/www\/wp-json\/wp\/v2\/pages\/2","targetHints":{"allow":["GET"]}}],"collection":[{"href":"https:\/\/www.oliver-kilb.de\/www\/wp-json\/wp\/v2\/pages"}],"about":[{"href":"https:\/\/www.oliver-kilb.de\/www\/wp-json\/wp\/v2\/types\/page"}],"author":[{"embeddable":true,"href":"https:\/\/www.oliver-kilb.de\/www\/wp-json\/wp\/v2\/users\/1"}],"replies":[{"embeddable":true,"href":"https:\/\/www.oliver-kilb.de\/www\/wp-json\/wp\/v2\/comments?post=2"}],"version-history":[{"count":17,"href":"https:\/\/www.oliver-kilb.de\/www\/wp-json\/wp\/v2\/pages\/2\/revisions"}],"predecessor-version":[{"id":39606,"href":"https:\/\/www.oliver-kilb.de\/www\/wp-json\/wp\/v2\/pages\/2\/revisions\/39606"}],"wp:attachment":[{"href":"https:\/\/www.oliver-kilb.de\/www\/wp-json\/wp\/v2\/media?parent=2"}],"curies":[{"name":"wp","href":"https:\/\/api.w.org\/{rel}","templated":true}]}}